uppose -h - 4*a + 24 = 0, 2*h + a = -4*a + 39. Suppose 5*l - 17 + 3 = -4*d, -4*d + h = 4*l. Let g(m) = 29 + 0*m + 2567*m**l + m - 2566*m**2. Calculate g(0).
29
Let f(h) = -26*h**3 + h - 1. Let n(w) = -5*w - 8. Let q be n(0). Let x be q/(-10) + ((-352)/40 - -9). Give f(x).
-26
Suppose 5*v - 65 = -t, 0*v - 135 = -3*t - 3*v. Let r(u) = 4*u - 158. Calculate r(t).
2
Let q(r) = -62*r**2 + 109*r**2 - r**3 - 3 - 55*r**2 + 8*r. Let d be q(-9). Let h(i) = -i**3 + 6*i**2 - 3*i - 6. What is h(d)?
-24
Suppose -5*n + 625 - 615 = 0. Let y(f) = 18*f**2 - 8*f - f**3 - 79*f**n + 32*f**2 + 21*f**2 - 9. Determine y(-7).
-2
Let f(r) be the second derivative of r**5/10 + 41*r**4/12 + 11*r**3/3 + 45*r**2/2 + 1665*r. What is f(-20)?
5
Let g(p) = -p**3 + 8*p**2 + 8*p - 3. Let w(f) be the first derivative of -2*f**2 - 19*f - 6. Let x be w(-10). Let b = 30 - x. Give g(b).
-12
Let p(w) = -w**2 - 8*w + 130. Let u be (-212)/10 + 5 - (-8)/40. Determine p(u).
2
Let d(u) be the first derivative of u**5/20 - u**4/12 - u**3/3 - 259*u + 78. Let m(g) be the first derivative of d(g). Calculate m(2).
0
Let q(t) = 74122 + 15*t - 148230 + 74120. Determine q(4).
72
Let g(q) = q**3 - 29*q**2 - 26*q + 753. Let c be g(29). Let v(f) = -10*f - 7. Give v(c).
3
Let l = -22292 + 22295. Let b(f) = -3*f**2 + 9*f + 4. Give b(l).
4
Let d(a) = 12*a - 10. Let h(o) = o - 3*o + 0 + 5*o - 2*o - 1. Let c = -14 - -24. Let u(v) = c*h(v) - d(v). Give u(-4).
8
Suppose 8 + 23 = 4*h - p, 0 = 5*p + 15. Let y(k) be the third derivative of -k**6/120 + 2*k**5/15 - 5*k**4/12 + k**3/3 - 211*k**2. What is y(h)?
-19
Let u(i) = -43*i**2 - 2*i + 2. Let h(m) = 92*m**2 + 5*m - 5. Let o(z) = 6*h(z) + 13*u(z). Determine o(1).
-7
Let a = 294 - 288. Let y(d) = -a*d**3 + 2*d**3 + 5*d**3 + 9 - 2. Give y(0).
7
Let m(u) = -u**3 + 11*u**2 - 17*u + 2. Let h(d) = 2*d**2 - 334*d + 3729. Let t be h(12). Calculate m(t).
11
Let n(f) = f**3 - 11*f**2 + 54*f - 438. Let w be n(10). Let s(x) be the third derivative of 1/6*x**3 + 0*x - 1/24*x**4 - 13*x**w + 0. What is s(-4)?
5
Let t(i) = i + 1. Let c be t(-3). Let r(p) be the third derivative of 0*p + 0*p**3 - 1/24*p**4 + 0 + 57*p**2. Calculate r(c).
2
Let y(n) be the second derivative of 1/2*n**3 + 1/20*n**5 + 1/2*n**2 + 0 + 5*n - 1/3*n**4. Determine y(3).
1
Suppose 98*w - 427 = 37*w. Let c = -5 - -8. Suppose b - c*h = -w + 3, -b + 8 = h. Let y(n) = n**3 - 6*n**2 + 2*n + 3. Calculate y(b).
-12
Let v(h) = -25*h**3 + 4*h**2 - 3*h. Let d be 29/(-87)*(4/(-6))/(16/72). Determine v(d).
-24
Suppose 18*j - 1046 - 3724 = 0. Let d = j - 264. Let m(c) = 25*c. Calculate m(d).
25
Let k(a) = -24*a + 2 + 30 - 13 + 9. Calculate k(0).
28
Let q = 366994 + -366999. Let l(x) = -4*x - 1. Let s(c) = c - 1. Let r(f) = -l(f) - 5*s(f). Give r(q).
11
Let d(i) = -5*i**2 - 145*i + 57. Let g be d(-29). Let l(y) = g - 44 + 5*y - 4*y - 2*y. Let t = 22 - 12. Give l(t).
3
Let q(g) = 4*g**2 + 4*g + 4. Let l(x) = 11*x**2 + 11*x + 10. Let c(o) = 3*l(o) - 8*q(o). Let j be (-1 - -8) + (-12)/3. Calculate c(j).
10
Let m(l) = -l - 5. Suppose -42 = 2*h - 4*p - 168, 2*h - 121 = -p. Let b = 68 - h. Let a be (1 - b)*(45/(-10))/(-9). What is m(a)?
-2
Let f(y) = y - 71. Let d(x) = 5*x - 293. Let s(q) = 6*d(q) - 25*f(q). Give s(9).
62
Let l(t) = t**2 + 6*t - 6. Let o(g) = 368*g**3 - g - g**2 - 729*g**3 + 367*g**3. Let y be o(-1). Give l(y).
-6
Let s be 1 + 2 + (-2)/2. Let m(u) be the first derivative of -u**5/120 + u**4/12 + 5*u**3/3 - 2. Let w(o) be the third derivative of m(o). What is w(s)?
0
Let k(h) = -4*h - 66. Let l(y) = y**3 - 61*y**2 + 173*y + 42. Let d be l(58). Calculate k(d).
-2
Suppose -295 = -498*p + 280*p + 277*p. Let a(i) = i**3 + 3*i**2 - 16*i - 6. Give a(p).
24
Let n(z) = z**3 + 9*z**2 - 13*z - 34. Let d be n(-10). Suppose -20 + 5 = -5*k. Let p(v) = 6*v + 11*v**3 - k*v - 12*v**3 - 3*v**2. What is p(d)?
4
Let z(n) = 3*n + 16. Let x be z(3). Let v(d) = -9*d**3 + x*d - d**2 - 27*d - 1 + 0. Calculate v(-1).
9
Suppose 616 = -4*i + 800. Suppose 12 = -50*t + i*t. Let l(r) = -3*r**2 - 2*r - 4. Give l(t).
-25
Let x(j) be the first derivative of 5*j**3/2 - j**2/2 + 87*j - 158. Let q(m) be the first derivative of x(m). Determine q(-1).
-16
Let f(g) = -2*g - 46. Let l be f(-25). Let z(w) = 1 + l - 69*w - 69*w + 137*w. Let m be 8 - (6 + -8 - -3). Calculate z(m).
-2
Let l = 17 + 0. Suppose -l*y = -22*y. Let o(a) = y + 2 + 20*a - 2. Calculate o(1).
20
Let v(a) = 0 + 5 + 3*a + 20*a**2 + 2*a + 1. Give v(-1).
21
Let p = -157 - -162. Let b(w) = -w**2 + 6*w + 7. Calculate b(p).
12
Let d(q) = q**2 - 5*q - 30. Let s be (9 - 0)*(-1)/3. Let x be d(s). Let h(a) = 11 + 1 - 2*a - 5. Determine h(x).
19
Let u(q) = 12*q - 306. Let n(l) = -5*l - 613. Let t(y) = 3*n(y) - 7*u(y). Give t(3).
6
Let b(n) = 25*n - 9 - 81*n + 2*n**2 - 5 + 31*n + 24*n. Give b(-6).
64
Let n(b) = -b**3 - 4*b + 3. Suppose -7*j + 12*j - 4*f = 160, 128 = 4*j - 3*f. Let d be 10/(-4)*(j/(-5))/8. What is n(d)?
-13
Let i(j) = 287*j**2 + 285*j**2 + 2*j + 291*j**2 - 1152*j**2 + 285*j**2. Suppose -n - 1 = -0*n. Calculate i(n).
-6
Suppose -5*p + z + 5 = 0, -5*z = -8*p + 3*p - 15. Let l(k) = -3 + 6 - 5 - p*k - 6. Give l(-8).
8
Let q(k) = 45*k**2 - 727*k + 103. Let i be q(16). Let o(s) = -s**3 + 2 + 1 + s**2 - 10*s**2. Determine o(i).
3
Let k(y) = -8578*y + 32 - 4*y**2 + 4291*y + 3*y**2 + 2*y**2 + 4293*y. Determine k(-8).
48
Let i(b) be the third derivative of -4/3*b**3 + 0 + 1/60*b**5 + 0*b - 1/4*b**4 + 27*b**2. Calculate i(6).
-8
Suppose 4*l - 3*l - 21 = 3*k, l - 11 = k. Let p(w) = -8*w**2 + 10*w - 14. Let q(b) = 7*b**2 - 9*b + 12. Let i(h) = l*q(h) + 5*p(h). Calculate i(2).
2
Suppose 5*y - 2 = 2*w + 10, -5*y + 7 = 3*w. Let r(t) = -3 + 2 + 2*t - y. Let d(m) = -2*m**2 - 196*m - 382. Let h be d(-96). Calculate r(h).
1
Let k(z) = 5*z + 3. Let m(p) = p + 1. Let u(g) = -k(g) + 6*m(g). Let y be (-1)/(2/8)*(-27 - -19)/(-32). Calculate u(y).
2
Let b = 796 - 792. Suppose i + 0 = 2. Let x(f) = 7*f**2 - 6*f**2 - i*f + 4 - 5*f. Calculate x(b).
-8
Let l be 3 - 0 - (0 - (5 - 4)). Suppose l*h + 42 = -3*h. Let c(q) = q**2 - 8. Calculate c(h).
28
Let i be 1/(-2) + -2 + (-110)/(-4). Let a be 0 + 4 - (24 - i). Let l(q) = 0*q + 4*q - a*q + 0*q - 3. Determine l(3).
-6
Let d(w) = 559 - 178 - 180 - 4*w - 158. What is d(10)?
3
Suppose 63*o - 87 = 5*u + 59*o, -2*u = -4*o + 42. Let m(v) = v**3 + 17*v**2 + 34*v + 56. Give m(u).
-4
Let c(m) = -104*m**2 + 37*m + 71. Let v(o) = 23*o**2 - 9*o - 18. Let h(t) = -2*c(t) - 9*v(t). Give h(-8).
28
Let r(n) be the first derivative of 5/2*n**2 - 16 - n. Determine r(1).
4
Let z(d) = 230*d + 71. Let n(m) = 408*m + 141. Let p(i) = 4*n(i) - 7*z(i). Determine p(-5).
-43
Let j(s) = -2*s**2 + 33*s - 20. Let g(m) = m**3 - 4*m**2 + 2038*m - 8140. Let h be g(4). Calculate j(h).
88
Let k(z) = 0 + 5 + 2*z - 11*z. Let t(x) = x. Let q(n) = -k(n) - 4*t(n). Let m(j) = 513*j + 2056. Let p be m(-4). Calculate q(p).
15
Suppose z = 6*z + z. Let m(o) be the third derivative of -o**4/24 - 2*o**3/3 - 5*o**2 - 2. Determine m(z).
-4
Let p be 39/(-21) - -1 - (276/(-28) + 2). Let f(z) = 5*z**2 - 38*z - 4. Determine f(p).
-25
Let h(q) be the first derivative of q**4/4 - 2*q**3 + 3*q**2/2 - 5*q + 4. Suppose -5*a - a = -162. Suppose -28*t + 6 = -a*t. Determine h(t).
13
Let j(o) = -34*o**2 + 18*o**2 + 17*o**2 - 7 - 5*o. Let z be 96/56 - 4/(-14). Suppose -z*r = 1 - 13. Determine j(r).
-1
Let m(u) = 48*u - 1. Let z(p) = 125*p - 3. Let r(h) = 12*m(h) - 5*z(h). Give r(-2).
101
Let d(c) be the third derivative of c**4/2 + c**3/3 - 2*c**2 - 17094. Suppose 8*i + 3*f = 3*i - 19, 2*f = -6. Calculate d(i).
-22
Suppose 34*g - 27 = 25*g. Suppose 0 = -5*i - 2*u + 11, -3*u = g*i - u - 5. Let z(s) = -3*s + 1. What is z(i)?
-8
Let a(c) = -509*c + 177. Let w(o) = -1104*o + 356. Let m(g) = 13*a(g) - 6*w(g). Determine m(-24).
-3
Suppose 0 = -4*k - 5*j + 8, -k + j + 17 = 6. Suppose 0 = 3*p + 5*p - 16. Let n(g) = 5*g - 8*g**2 + 2*g**3 + 4*g - 9 - p*g**3 + g**3. Give n(k).
5
Let d = -11 - -15. Let b(x) = -2*x**3 - x - 1. Let h be b(-1). Let c(o) = 624 - 5*o + o**3 + 3*o - 626 - 4*o**h. What is c(d)?
-10
Let u(a) = 6*a**3 - a**2 + a. Let c(k) = -2*k - 1. Let v(j) = -3*j - 2. Let t(g) = 8*c(g) - 5*v(g). Let d = -5 + 6. Let q be t(d). What is u(q)?
6
Let f(l) = -14*l**2 + 11*l - 4. Let o(u) = -33*u**2 + 23*u - 11. Let k(g) 